{"id":166,"date":"2013-09-12T20:39:43","date_gmt":"2013-09-12T18:39:43","guid":{"rendered":"http:\/\/www.steffen-frank.de\/content\/?page_id=166"},"modified":"2018-05-24T05:10:28","modified_gmt":"2018-05-24T03:10:28","slug":"keno","status":"publish","type":"page","link":"http:\/\/www.steffen-frank.de\/content\/keno\/","title":{"rendered":"Perserkater Keno"},"content":{"rendered":"<h1>Keno &#8211; unser Hubbabubbab\u00e4rchen<\/h1>\n<p>Perserkater Keno &#8211; Master of Desaster \u2020 am 12. Dezember 2007<\/p>\n<figure id=\"attachment_258\" aria-describedby=\"caption-attachment-258\" style=\"width: 300px\" class=\"wp-caption aligncenter\"><a href=\"http:\/\/www.steffen-frank.de\/content\/wp-content\/uploads\/2013\/09\/keno2.jpg\"><img loading=\"lazy\" decoding=\"async\" class=\"size-full wp-image-258\" alt=\"Perserkater Keno\" src=\"http:\/\/www.steffen-frank.de\/content\/wp-content\/uploads\/2013\/09\/keno2.jpg\" width=\"300\" height=\"225\" \/><\/a><figcaption id=\"caption-attachment-258\" class=\"wp-caption-text\">Spielen? Ja klar doch! Bin dabei!<\/figcaption><\/figure>\n<p>Der Jungspund, Nervsack usw. der Katzenbande.<\/p>\n<p>Kaum im Tierheim, schon bei uns \ud83d\ude42<\/p>\n<p>Mit \u00fcber 6kg eine wahrer Prachtkater. Wo er ist, herrscht Chaos und im Gegensatz zu mir, ist er \u00fcberall. Wenn er nicht nerven kann, ist er krank oder frisst.<\/p>\n<p>Anfang Dezember 2007 erkrankte Keno erneut an einer Blasen- und Harnwegentz\u00fcndung. Nachdem ihm bei der Tier\u00e4rztin die Blase platze und trotz erfolgreicher Not-OP, haben wir ihn am 12. Dezember \u00fcber die Regenbogenbr\u00fccke gehen lasse um ihn weitere qu\u00e4lende und wenig Erfolg versprechende Behandlungen zu ersparen \ud83d\ude41<\/p>\n<p>Leider wurde unser Hubabubab\u00e4rchen nur 11 Jahre alt, von denen er 3,5 bei uns verbringen durfte.<\/p>\n","protected":false},"excerpt":{"rendered":"<p>Keno &#8211; unser Hubbabubbab\u00e4rchen Perserkater Keno &#8211; Master of Desaster \u2020 am 12. Dezember 2007 Der Jungspund, Nervsack usw. der Katzenbande. Kaum im Tierheim, schon bei uns \ud83d\ude42 Mit \u00fcber 6kg eine wahrer Prachtkater. Wo er ist, herrscht Chaos und im Gegensatz zu mir, ist er \u00fcberall. Wenn er nicht<\/p>\n","protected":false},"author":1,"featured_media":0,"parent":0,"menu_order":0,"comment_status":"closed","ping_status":"open","template":"","meta":{"footnotes":""},"class_list":["post-166","page","type-page","status-publish","hentry"],"yoast_head":"<!-- This site is optimized with the Yoast SEO plugin v27.3 - https:\/\/yoast.com\/product\/yoast-seo-wordpress\/ -->\n<title>Perserkater Keno<\/title>\n<meta name=\"description\" content=\"Perserkate Keno, mit \u00fcber 6kg eine wahrer Prachtkater. Wo er ist, herrscht Chaos und im Gegensatz zu mir, ist er \u00fcberall. Wenn er nicht nerven kann, ist er krank oder frisst.\" \/>\n<meta name=\"robots\" content=\"index, follow, max-snippet:-1, max-image-preview:large, max-video-preview:-1\" \/>\n<link rel=\"canonical\" href=\"http:\/\/www.steffen-frank.de\/content\/keno\/\" \/>\n<meta property=\"og:locale\" content=\"de_DE\" \/>\n<meta property=\"og:type\" content=\"article\" \/>\n<meta property=\"og:title\" content=\"Perserkater Keno\" \/>\n<meta property=\"og:description\" content=\"Perserkate Keno, mit \u00fcber 6kg eine wahrer Prachtkater. Wo er ist, herrscht Chaos und im Gegensatz zu mir, ist er \u00fcberall. Wenn er nicht nerven kann, ist er krank oder frisst.\" \/>\n<meta property=\"og:url\" content=\"http:\/\/www.steffen-frank.de\/content\/keno\/\" \/>\n<meta property=\"og:site_name\" content=\"life, run &amp; cats\" \/>\n<meta property=\"article:modified_time\" content=\"2018-05-24T03:10:28+00:00\" \/>\n<meta property=\"og:image\" content=\"http:\/\/www.steffen-frank.de\/content\/wp-content\/uploads\/2013\/09\/keno2.jpg\" \/>\n<meta name=\"twitter:card\" content=\"summary_large_image\" \/>\n<meta name=\"twitter:label1\" content=\"Gesch\u00e4tzte Lesezeit\" \/>\n\t<meta name=\"twitter:data1\" content=\"1\u00a0Minute\" \/>\n<script type=\"application\/ld+json\" class=\"yoast-schema-graph\">{\"@context\":\"https:\\\/\\\/schema.org\",\"@graph\":[{\"@type\":\"WebPage\",\"@id\":\"http:\\\/\\\/www.steffen-frank.de\\\/content\\\/keno\\\/\",\"url\":\"http:\\\/\\\/www.steffen-frank.de\\\/content\\\/keno\\\/\",\"name\":\"Perserkater Keno\",\"isPartOf\":{\"@id\":\"http:\\\/\\\/www.steffen-frank.de\\\/content\\\/#website\"},\"primaryImageOfPage\":{\"@id\":\"http:\\\/\\\/www.steffen-frank.de\\\/content\\\/keno\\\/#primaryimage\"},\"image\":{\"@id\":\"http:\\\/\\\/www.steffen-frank.de\\\/content\\\/keno\\\/#primaryimage\"},\"thumbnailUrl\":\"http:\\\/\\\/www.steffen-frank.de\\\/content\\\/wp-content\\\/uploads\\\/2013\\\/09\\\/keno2.jpg\",\"datePublished\":\"2013-09-12T18:39:43+00:00\",\"dateModified\":\"2018-05-24T03:10:28+00:00\",\"description\":\"Perserkate Keno, mit \u00fcber 6kg eine wahrer Prachtkater. Wo er ist, herrscht Chaos und im Gegensatz zu mir, ist er \u00fcberall. Wenn er nicht nerven kann, ist er krank oder frisst.\",\"breadcrumb\":{\"@id\":\"http:\\\/\\\/www.steffen-frank.de\\\/content\\\/keno\\\/#breadcrumb\"},\"inLanguage\":\"de\",\"potentialAction\":[{\"@type\":\"ReadAction\",\"target\":[\"http:\\\/\\\/www.steffen-frank.de\\\/content\\\/keno\\\/\"]}]},{\"@type\":\"ImageObject\",\"inLanguage\":\"de\",\"@id\":\"http:\\\/\\\/www.steffen-frank.de\\\/content\\\/keno\\\/#primaryimage\",\"url\":\"http:\\\/\\\/www.steffen-frank.de\\\/content\\\/wp-content\\\/uploads\\\/2013\\\/09\\\/keno2.jpg\",\"contentUrl\":\"http:\\\/\\\/www.steffen-frank.de\\\/content\\\/wp-content\\\/uploads\\\/2013\\\/09\\\/keno2.jpg\",\"width\":300,\"height\":225,\"caption\":\"Spielen? Ja klar doch! Bin dabei!\"},{\"@type\":\"BreadcrumbList\",\"@id\":\"http:\\\/\\\/www.steffen-frank.de\\\/content\\\/keno\\\/#breadcrumb\",\"itemListElement\":[{\"@type\":\"ListItem\",\"position\":1,\"name\":\"Startseite\",\"item\":\"http:\\\/\\\/www.steffen-frank.de\\\/content\\\/\"},{\"@type\":\"ListItem\",\"position\":2,\"name\":\"Perserkater Keno\"}]},{\"@type\":\"WebSite\",\"@id\":\"http:\\\/\\\/www.steffen-frank.de\\\/content\\\/#website\",\"url\":\"http:\\\/\\\/www.steffen-frank.de\\\/content\\\/\",\"name\":\"life, run &amp; cats\",\"description\":\"Steffen Frank - Niederstetten\",\"potentialAction\":[{\"@type\":\"SearchAction\",\"target\":{\"@type\":\"EntryPoint\",\"urlTemplate\":\"http:\\\/\\\/www.steffen-frank.de\\\/content\\\/?s={search_term_string}\"},\"query-input\":{\"@type\":\"PropertyValueSpecification\",\"valueRequired\":true,\"valueName\":\"search_term_string\"}}],\"inLanguage\":\"de\"}]}<\/script>\n<!-- \/ Yoast SEO plugin. -->","yoast_head_json":{"title":"Perserkater Keno","description":"Perserkate Keno, mit \u00fcber 6kg eine wahrer Prachtkater. Wo er ist, herrscht Chaos und im Gegensatz zu mir, ist er \u00fcberall. Wenn er nicht nerven kann, ist er krank oder frisst.","robots":{"index":"index","follow":"follow","max-snippet":"max-snippet:-1","max-image-preview":"max-image-preview:large","max-video-preview":"max-video-preview:-1"},"canonical":"http:\/\/www.steffen-frank.de\/content\/keno\/","og_locale":"de_DE","og_type":"article","og_title":"Perserkater Keno","og_description":"Perserkate Keno, mit \u00fcber 6kg eine wahrer Prachtkater. Wo er ist, herrscht Chaos und im Gegensatz zu mir, ist er \u00fcberall. Wenn er nicht nerven kann, ist er krank oder frisst.","og_url":"http:\/\/www.steffen-frank.de\/content\/keno\/","og_site_name":"life, run &amp; cats","article_modified_time":"2018-05-24T03:10:28+00:00","og_image":[{"url":"http:\/\/www.steffen-frank.de\/content\/wp-content\/uploads\/2013\/09\/keno2.jpg","type":"","width":"","height":""}],"twitter_card":"summary_large_image","twitter_misc":{"Gesch\u00e4tzte Lesezeit":"1\u00a0Minute"},"schema":{"@context":"https:\/\/schema.org","@graph":[{"@type":"WebPage","@id":"http:\/\/www.steffen-frank.de\/content\/keno\/","url":"http:\/\/www.steffen-frank.de\/content\/keno\/","name":"Perserkater Keno","isPartOf":{"@id":"http:\/\/www.steffen-frank.de\/content\/#website"},"primaryImageOfPage":{"@id":"http:\/\/www.steffen-frank.de\/content\/keno\/#primaryimage"},"image":{"@id":"http:\/\/www.steffen-frank.de\/content\/keno\/#primaryimage"},"thumbnailUrl":"http:\/\/www.steffen-frank.de\/content\/wp-content\/uploads\/2013\/09\/keno2.jpg","datePublished":"2013-09-12T18:39:43+00:00","dateModified":"2018-05-24T03:10:28+00:00","description":"Perserkate Keno, mit \u00fcber 6kg eine wahrer Prachtkater. Wo er ist, herrscht Chaos und im Gegensatz zu mir, ist er \u00fcberall. Wenn er nicht nerven kann, ist er krank oder frisst.","breadcrumb":{"@id":"http:\/\/www.steffen-frank.de\/content\/keno\/#breadcrumb"},"inLanguage":"de","potentialAction":[{"@type":"ReadAction","target":["http:\/\/www.steffen-frank.de\/content\/keno\/"]}]},{"@type":"ImageObject","inLanguage":"de","@id":"http:\/\/www.steffen-frank.de\/content\/keno\/#primaryimage","url":"http:\/\/www.steffen-frank.de\/content\/wp-content\/uploads\/2013\/09\/keno2.jpg","contentUrl":"http:\/\/www.steffen-frank.de\/content\/wp-content\/uploads\/2013\/09\/keno2.jpg","width":300,"height":225,"caption":"Spielen? Ja klar doch! Bin dabei!"},{"@type":"BreadcrumbList","@id":"http:\/\/www.steffen-frank.de\/content\/keno\/#breadcrumb","itemListElement":[{"@type":"ListItem","position":1,"name":"Startseite","item":"http:\/\/www.steffen-frank.de\/content\/"},{"@type":"ListItem","position":2,"name":"Perserkater Keno"}]},{"@type":"WebSite","@id":"http:\/\/www.steffen-frank.de\/content\/#website","url":"http:\/\/www.steffen-frank.de\/content\/","name":"life, run &amp; cats","description":"Steffen Frank - Niederstetten","potentialAction":[{"@type":"SearchAction","target":{"@type":"EntryPoint","urlTemplate":"http:\/\/www.steffen-frank.de\/content\/?s={search_term_string}"},"query-input":{"@type":"PropertyValueSpecification","valueRequired":true,"valueName":"search_term_string"}}],"inLanguage":"de"}]}},"_links":{"self":[{"href":"http:\/\/www.steffen-frank.de\/content\/wp-json\/wp\/v2\/pages\/166","targetHints":{"allow":["GET"]}}],"collection":[{"href":"http:\/\/www.steffen-frank.de\/content\/wp-json\/wp\/v2\/pages"}],"about":[{"href":"http:\/\/www.steffen-frank.de\/content\/wp-json\/wp\/v2\/types\/page"}],"author":[{"embeddable":true,"href":"http:\/\/www.steffen-frank.de\/content\/wp-json\/wp\/v2\/users\/1"}],"replies":[{"embeddable":true,"href":"http:\/\/www.steffen-frank.de\/content\/wp-json\/wp\/v2\/comments?post=166"}],"version-history":[{"count":3,"href":"http:\/\/www.steffen-frank.de\/content\/wp-json\/wp\/v2\/pages\/166\/revisions"}],"predecessor-version":[{"id":260,"href":"http:\/\/www.steffen-frank.de\/content\/wp-json\/wp\/v2\/pages\/166\/revisions\/260"}],"wp:attachment":[{"href":"http:\/\/www.steffen-frank.de\/content\/wp-json\/wp\/v2\/media?parent=166"}],"curies":[{"name":"wp","href":"https:\/\/api.w.org\/{rel}","templated":true}]}}